{"version":"1.0","provider_name":"Themagic","provider_url":"https:\/\/themagic.hu\/en","author_name":"admin","author_url":"https:\/\/themagic.hu\/en\/blog\/author\/admin\/","title":"A k\u00e1v\u00e9 vil\u00e1gnapja \u2013 te tudod, mikor van? - Themagic","type":"rich","width":600,"height":338,"html":"<blockquote class=\"wp-embedded-content\" data-secret=\"qHTk1Zqvor\"><a href=\"https:\/\/themagic.hu\/en\/blog\/a-kave-vilagnapja-te-tudod-mikor-van\/\">World Coffee Day - do you know when it is?<\/a><\/blockquote><iframe sandbox=\"allow-scripts\" security=\"restricted\" src=\"https:\/\/themagic.hu\/en\/blog\/a-kave-vilagnapja-te-tudod-mikor-van\/embed\/#?secret=qHTk1Zqvor\" width=\"600\" height=\"338\" title=\"\u201cInternational Coffee Day \u2013 do you know when it is?\u201d \u2014 Themagic\" data-secret=\"qHTk1Zqvor\" frameborder=\"0\" marginwidth=\"0\" marginheight=\"0\" scrolling=\"no\" class=\"wp-embedded-content\"><\/iframe><script>\n\/*! This file is auto-generated *\/\n!function(d,l){\"use strict\";l.querySelector&&d.addEventListener&&\"undefined\"!=typeof URL&&(d.wp=d.wp||{},d.wp.receiveEmbedMessage||(d.wp.receiveEmbedMessage=function(e){var t=e.data;if((t||t.secret||t.message||t.value)&&!\/[^a-zA-Z0-9]\/.test(t.secret)){for(var s,r,n,a=l.querySelectorAll('iframe[data-secret=\"'+t.secret+'\"]'),o=l.querySelectorAll('blockquote[data-secret=\"'+t.secret+'\"]'),c=new RegExp(\"^https?:$\",\"i\"),i=0;i<o.length;i++)o[i].style.display=\"none\";for(i=0;i<a.length;i++)s=a[i],e.source===s.contentWindow&&(s.removeAttribute(\"style\"),\"height\"===t.message?(1e3<(r=parseInt(t.value,10))?r=1e3:~~r<200&&(r=200),s.height=r):\"link\"===t.message&&(r=new URL(s.getAttribute(\"src\")),n=new URL(t.value),c.test(n.protocol))&&n.host===r.host&&l.activeElement===s&&(d.top.location.href=t.value))}},d.addEventListener(\"message\",d.wp.receiveEmbedMessage,!1),l.addEventListener(\"DOMContentLoaded\",function(){for(var e,t,s=l.querySelectorAll(\"iframe.wp-embedded-content\"),r=0;r<s.length;r++)(t=(e=s[r]).getAttribute(\"data-secret\"))||(t=Math.random().toString(36).substring(2,12),e.src+=\"#?secret=\"+t,e.setAttribute(\"data-secret\",t)),e.contentWindow.postMessage({message:\"ready\",secret:t},\"*\")},!1)))}(window,document);\n\/\/# sourceURL=https:\/\/themagic.hu\/wp-includes\/js\/wp-embed.min.js\n<\/script>","thumbnail_url":"https:\/\/themagic.hu\/wp-content\/uploads\/2025\/12\/a-kave-vilagnapja.jpg","thumbnail_width":1200,"thumbnail_height":799,"description":"Egyszer\u0171 espresso, cappuccino vagy latte \u2013 a k\u00e1v\u00e9 m\u00e9g a fantasyk vil\u00e1g\u00e1b\u00f3l sem hi\u00e1nyozhat, \u00e9s biztosak vagyunk benne, hogy a k\u00f6nyvsorozat rajong\u00f3i is im\u00e1dj\u00e1k ezt a k\u00fcl\u00f6nleges, fekete ned\u0171t valamilyen form\u00e1ban. Nem is csoda, a k\u00e1v\u00e9 a vil\u00e1g egyik legn\u00e9pszer\u0171bb itala, amelynek minden orsz\u00e1gban \u0151r\u00fclt nagy rajong\u00f3t\u00e1bora van. Van egy\u00e1ltal\u00e1n jobb a k\u00e1v\u00e9z\u00e1sn\u00e1l? Persze, a [&hellip;]"}

A kávé világnapja – te tudod, mikor van? - Themagic

Egyszerű espresso, cappuccino vagy latte – a kávé még a fantasyk világából sem hiányozhat, és biztosak vagyunk benne, hogy a könyvsorozat rajongói is imádják ezt a különleges, fekete nedűt valamilyen formában. Nem is csoda, a kávé a világ egyik legnépszerűbb itala, amelynek minden országban őrült nagy rajongótábora van. Van egyáltalán jobb a kávézásnál? Persze, a [&hellip;]
